 = 30*b - 29*b + 3*a, 2*a - 470 = -5*b. Suppose -9*o + b = -212. What are the prime factors of o?
2, 17
Suppose 0 = r - 3*b - 9, 4*r - 33 = 5*b + 3. Let z(n) = -n**3 + 7*n**2 - 10*n + 1. Let j be z(r). Let w = j - -549. What are the prime factors of w?
2, 149
Let a(g) = -2*g**3 + 6*g**2 - 5*g. Let m be a(4). Let k = -37 - m. List the prime factors of (-2)/(k/60 + (-17)/60).
2, 3, 5
Let i(f) = f**2 + 4*f - 11. Suppose 4*w + 16 + 4 = 0. Let b be i(w). List the prime factors of ((-5)/(45/b))/(2/69).
23
Let m = 48631 - 8257. List the prime factors of m.
2, 3, 2243
Let d(r) = -r**3 + r**2 - 4*r - 24. Let b be d(-6). Let a = b - 100. List the prime factors of (3 + a/(-2))*-1.
73
Let t = 11320 - 19374. Let m be t/(-11) + (-4)/22. What are the prime factors of ((-6)/60*-5)/(2/m)?
3, 61
Let l be (-5)/((-1)/(3/3)). Suppose -3*j = -2*j - 152. What are the prime factors of (l/20)/(2/j)?
19
Let r(i) = 0*i**3 - 138*i**2 + 150*i**2 + i**3 + 2*i + 11 + 0*i. List the prime factors of r(-8).
251
Let a(m) = -m + 14. Let c be a(15). Let x = c + 2. Let k(n) = 18*n**2. What are the prime factors of k(x)?
2, 3
Let t(p) = -11*p - 9*p**2 - p**3 - 4 + 2*p - 5*p**2 + 16. List the prime factors of t(-16).
2, 167
Suppose 115*n - 112*n = 12. Suppose 3*s + 5*y - 1273 = 0, -n*s = y - 1275 - 428. What are the prime factors of s?
2, 3, 71
List the prime factors of (251601 - 0)*(-184)/(-552).
7, 11981
Let q = 21888 + -11152. List the prime factors of q.
2, 11, 61
Suppose 0 = -4*t, 5*t + 9 = -2*q + 5*q. Suppose q*d + 7 = -428. Let b = d - -245. List the prime factors of b.
2, 5
Suppose -2*g = 3*g - 375. Let s = g - 54. Let v = s + 14. List the prime factors of v.
5, 7
Suppose -x + t + 3*t + 79 = 0, 4*t - 4 = 0. Let y = x - 27. What are the prime factors of y?
2, 7
Let f(v) be the second derivative of v**3/2 + 12*v**2 + 5*v. Let h be f(-5). Let u = h + 111. List the prime factors of u.
2, 3, 5
Suppose -3*t - p = -22128 - 201, -4*p = 2*t - 14876. List the prime factors of t.
2, 1861
What are the prime factors of (-1)/(3/(-5271)*(-224)/(-64))?
2, 251
Let q(d) be the first derivative of 11*d**2 + 4*d + 34. Let x be q(8). What are the prime factors of (x/(-25) - -4)*250/(-4)?
2, 5
Let r(m) = -86*m**3 - m**2 - 3*m - 1. Let h be r(-1). Suppose 2*j + 2*s = j + h, 3*s + 102 = j. Suppose -6*n + 9*n = j. List the prime factors of n.
31
Suppose 4*j - 5*t + 2555 = -40, -j - 633 = 4*t. Let r = j - -1143. What are the prime factors of r?
2, 3, 83
Let o(b) = 181*b - 666. List the prime factors of o(77).
23, 577
Let b(o) = 1248*o**2 - 16*o - 17. What are the prime factors of b(-1)?
29, 43
Suppose -69*z + 58*z + 166705 = 0. Suppose -20*r + z = 15*r. What are the prime factors of r?
433
Suppose r = -5*d + 20, 4*d - 7*d = 5*r + 10. Suppose 5*s + 130 = 5*v - 1165, d*v = -3*s + 1327. List the prime factors of v.
263
Let k = 23626 + -9488. List the prime factors of k.
2, 7069
Suppose -4*p - 781 = -6*p + 5*t, 0 = 5*p + 3*t - 1906. Let s be p - 2/((-6)/9). Let r = -182 + s. List the prime factors of r.
2, 3, 17
Let m = -110 + -69. Let a = 435 - m. List the prime factors of a.
2, 307
Suppose 232 = 4*u - 3*i, -16*i = 4*u - 20*i - 236. List the prime factors of (5/((-125)/(-890)))/(2/u).
11, 89
Let w(d) = -d**2 - 9*d + 19. Let q be w(-9). Suppose -5*g + q = -6. Suppose -g*c + 26 = -354. List the prime factors of c.
2, 19
Suppose 4*m + 9 = -8*l + 9*l, l = m + 3. What are the prime factors of l*(12/15)/(8/7580)?
2, 379
Let y = -1218 + 1537. What are the prime factors of y?
11, 29
Let x(c) = 763*c + 10. Let o(u) = 764*u + 9. Let d(w) = -5*o(w) + 4*x(w). List the prime factors of d(-1).
7, 109
Suppose 1549 = 20*k - 17*k - 4*n, -k + 518 = -n. List the prime factors of k.
523
Let m(o) = 2*o**2 - 32*o + 12. Let w be m(24). Suppose 2*f - 2*d - w = -2*f, f - 5*d = 90. What are the prime factors of f?
2, 5
Let v = 115229 - 55720. What are the prime factors of v?
59509
Suppose 0*g = 9*g + 9. Let x be (-184)/(4/g) + -4. List the prime factors of (2/6)/(1/x).
2, 7
Suppose 0 = -2*j + 3*j + 2*i - 39849, 0 = -4*j - i + 159396. Suppose 6*f - j = -31*f. List the prime factors of f.
3, 359
Let l(d) = -2*d - 10. Let w be l(-7). Suppose 14322 = w*v + 18*v. What are the prime factors of v?
3, 7, 31
Let j(i) = 19450*i - 8297. What are the prime factors of j(4)?
7, 9929
Suppose -3*q - 21 = 0, -6*p = -7*p + 3*q + 29338. List the prime factors of p.
19, 1543
Let z(m) = 10*m**2 + 3. Let y be z(-2). Suppose 5*l - 4*n = -y + 5, 34 = -4*l + 5*n. What are the prime factors of 20/l*(-783)/18?
5, 29
Suppose -1544*l = -1534*l - 19740. What are the prime factors of l?
2, 3, 7, 47
Suppose -99*f = -98*f + 22. Let d = f + 213. What are the prime factors of d?
191
Suppose 20*g + 12458 = 49318. Suppose -5*m + g = -t + 5*t, -5*m = 2*t - 919. List the prime factors of t.
2, 3, 7, 11
Suppose -5*p = -2*p - 36. Suppose -4*o + o - 4*t + p = 0, 4*o = 4*t - 12. What are the prime factors of (-357)/(-9) - (6/9 + o)?
3, 13
Suppose 13472 = 4*f - 2*j, -4*f - 3*j = -10568 - 2934. What are the prime factors of f?
3371
Let y(t) = t**3 + 80*t**2 - 262*t + 174. List the prime factors of y(-82).
2, 5, 821
Suppose 51*g - 1053951 = 1170873. List the prime factors of g.
2, 7, 19, 41
Suppose -20*v - 6918 = -124223 - 17215. What are the prime factors of v?
2, 3, 19, 59
Suppose 4*h = -3*s + 8, 3*h - 4*h - 4*s + 2 = 0. What are the prime factors of (-458)/2*(2 - 1 - h)?
229
Let z = -63 - -63. Let f = 216 - 102. List the prime factors of z/2 + f - (-11 + 8).
3, 13
Let r(s) = 0*s**2 - 2*s**2 + s**3 + 3*s + 6*s**2. Let h be r(-3). What are the prime factors of (-4 - 0) + (80 - -2) + h?
2, 3, 13
Suppose 0 = 5*l - 38*l - 561768 + 1961826. What are the prime factors of l?
2, 3, 2357
Let j(b) = -29*b**3 - 29*b**3 - 37 - 6*b - 11*b**2 + 57*b**3 + 12. List the prime factors of j(-14).
647
Suppose 2212 = 2*c - 4*q, -3*q + 7 = -c + 1118. List the prime factors of c.
2, 137
Suppose 326*b - 4838277 = 1319211. List the prime factors of b.
2, 3, 787
Let v(n) = -24*n + 12. Suppose 6*a - 3*a = -2*w - 14, w - 11 = 3*a. List the prime factors of v(a).
2, 3
Let t(w) = 10*w - 35. Let i be t(-12). Let c = i + 224. What are the prime factors of c?
3, 23
List the prime factors of (-1222837)/(-231) + 15/(-9).
2, 3, 7
Let f(v) = -8*v + v**2 + 9 + v + v. Let x be f(4). What are the prime factors of 14*x + (-17 - -22)?
19
Suppose -2*r = -3*r - 3*r. Suppose -2*w + 5*w = r. List the prime factors of (-3 + 2 - w)*1*-59.
59
Suppose -4*h + 65 + 51 = 0. List the prime factors of (-6 + 6 - 2) + h.
3
Suppose 732 = -0*l - 4*l. Let z = l + 677. List the prime factors of z.
2, 13, 19
Let j be 285/38 + (-10)/(-4). Suppose -2*d + 5*d = -6, s = 5*d + j. Suppose -9*b + 331 + 569 = s. List the prime factors of b.
2, 5
Let p = -31 - -34. Suppose 3*w + 2*w + 190 = d, -p*d + 15 = 0. Let r = 39 + w. List the prime factors of r.
2
What are the prime factors of (48/10)/(16/(674080/33))?
2, 383
Let q = 43869 + -38294. List the prime factors of q.
5, 223
Let g = -2 + 5. Let v be (2 - 5 - -10) + g/(-1). Suppose v*l - 6 - 334 = 0. List the prime factors of l.
5, 17
Let d = 328 + -337. List the prime factors of d/21*2702/(-2).
3, 193
Suppose 14*y = 12*y + 14. Let s be (-1848)/(8 - 4)*-1. Suppose -y*n = -n - s. List the prime factors of n.
7, 11
Let l(j) = -j**3 - 4*j**2 + 4*j + 9. Let a be l(-14). Suppose 0 = 4*z - 5*p - 1537, -5*z - 2*p = -0*p - a. What are the prime factors of 3 + (z/2 - (-7)/(-14))?
2, 97
Let b be (495/27)/(2 + (-195)/99). Let q = b + 408. List the prime factors of q.
1013
Let r(g) = -g**2 + 6*g - 2. Let b be r(5). Suppose 2*x - 1999 = 3*m, -b*m - 284 = 4*x - 4237. List the prime factors of x.
2, 31
What are the prime factors of (-29141)/(-21) + -14 + (-2)/3?
1373
Let x = 5192 + -2168. What are the prime factors of x?
2, 3, 7
Let j(u) = 275*u + 2015. What are the prime factors of j(29)?
2, 3, 5, 37
List the prime factors of 869/237 + 15843/9.
2, 3, 7
Let u = -1122 - -13848. List the prime factors of u.
2, 3, 7, 101
What are the prime factors of (-15)/(-20) - (-5 + (-219090)/40)?
5483
Let y(t) = 11*t**3 - 6*t**2 + 10*t - 26. Let m = 541 - 536. What are the prime factors of y(m)?
1249
Let g(s) = 48*s**3 + 9*s**2 - 9*s - 12. Let n(p) = -50*p**3 - 7*p**2 + 9*p + 11. Let y(r) = 5*g(r) + 6*n(r). List the 